{"id":1392,"date":"2015-10-09T21:49:03","date_gmt":"2015-10-09T19:49:03","guid":{"rendered":"https:\/\/www.cschkolin.cz\/?page_id=1392"},"modified":"2024-10-05T19:30:46","modified_gmt":"2024-10-05T17:30:46","slug":"trhy-dokemunty","status":"publish","type":"page","link":"https:\/\/www.cschkolin.cz\/?page_id=1392","title":{"rendered":"Trhy &#8211; Dokumenty"},"content":{"rendered":"<p align=\"justify\"><span style=\"font-size: large;\"><strong>UPOZORN\u011aN\u00cd !!! <\/strong><\/span><a href=\"https:\/\/www.cschkolin.cz\/dokumenty\/Upozorneni.pdf\" target=\"_blank\" rel=\"noopener\">Upozorn\u011bn\u00ed pdf<\/a><\/p>\n<p align=\"justify\"><span style=\"font-size: medium;\">Upozor\u0148ujeme prodejce zv\u00ed\u0159at, \u017ee na z\u00e1klad\u011b proveden\u00e9 kontroly St\u00e1tn\u00ed veterin\u00e1rn\u00ed spr\u00e1vou, mus\u00ed m\u00edt prodejce \u2013 fyzick\u00e1 osoba, pop\u0159\u00edpad\u011b obchodn\u00ed firma p\u0159i ka\u017ed\u00e9m prodeji zv\u00ed\u0159at svoji jmenovku s&nbsp;p\u0159esnou adresou a \u010destn\u00e9 prohl\u00e1\u0161en\u00ed o zdravotn\u00edm stavu zv\u00ed\u0159ete. Jmenovku i \u010destn\u00e9 prohl\u00e1\u0161en\u00ed o zdravotn\u00edm stavu zv\u00ed\u0159ete je mo\u017en\u00e9 si st\u00e1hnout na na\u0161ich webov\u00fdch str\u00e1nk\u00e1ch ZO \u010cSCH Kol\u00edn: <a href=\"https:\/\/www.cschkolin.cz\/\">www.cschkolin.cz<\/a> nebo si je vyzvednout p\u0159\u00edmo v&nbsp;pokladn\u011b ZO \u010cSCH Kol\u00edn.<\/span><\/p>\n<p align=\"justify\"><span style=\"font-size: medium;\">D\u011bkujeme za dodr\u017eov\u00e1n\u00ed t\u011bchto z\u00e1kladn\u00edch povinnost\u00ed p\u0159i prodeji zv\u00ed\u0159at.<\/span><\/p>\n<p style=\"text-align: right;\" align=\"justify\"><span style=\"font-size: 12pt;\"> ZO \u010cSCH Kol\u00edn <\/span><\/p>\n<h4 style=\"text-align: left;\" align=\"center\"><span style=\"font-size: 12pt;\"><strong><span style=\"font-family: arial, helvetica, sans-serif;\">Rozhodnut\u00ed Krajsk\u00e9 Veterin\u00e1rn\u00ed spr\u00e1vy&nbsp; <\/span><\/strong><span style=\"font-family: arial, helvetica, sans-serif;\">&nbsp;<\/span><span style=\"font-family: arial, helvetica, sans-serif;\"><span style=\"font-size: 10pt;\"><a href=\"https:\/\/www.cschkolin.cz\/wp-content\/uploads\/2020\/01\/IMG.pdf\">list 1&nbsp;&nbsp;<\/a><\/span> <a href=\"https:\/\/www.cschkolin.cz\/wp-content\/uploads\/2020\/01\/list-2.pdf\"><span style=\"font-size: 10pt;\">list 2<\/span><\/a><\/span><\/span><\/h4>\n<h4>JMENOVKA PRODEJCE: &nbsp;<a href=\"https:\/\/www.cschkolin.cz\/wp-content\/uploads\/2024\/02\/JMENOVKA_PRODEJCE.docx\" target=\"_blank\" rel=\"noopener\">DOC<\/a>&nbsp; &nbsp;<a href=\"https:\/\/www.cschkolin.cz\/wp-content\/uploads\/2024\/02\/JMENOVKA_PRODEJCE.pdf\" target=\"_blank\" rel=\"noopener\">PDF<\/a><\/h4>\n<h4 style=\"text-align: left;\" align=\"center\"><span style=\"font-family: Arial,sans-serif;\"><span style=\"font-size: medium;\"><strong>\u010cESTN\u00c9 PROHL\u00c1\u0160EN\u00cd <\/strong><\/span><\/span><span style=\"font-family: Arial,sans-serif;\"><strong>o zdravotn\u00edm stavu zv\u00ed\u0159at:<\/strong><span style=\"font-size: medium;\">&nbsp;<a href=\"https:\/\/www.cschkolin.cz\/dokumenty\/zdravotni_stav_zvirete_cestne_prohlaseni.doc\" target=\"_blank\" rel=\"noopener\">doc<\/a>&nbsp;<\/span><\/span><span style=\"font-family: Arial,sans-serif;\"><span style=\"font-size: medium;\"><a href=\"https:\/\/www.cschkolin.cz\/dokumenty\/zdravotni_stav_zvirete_cestne_prohlaseni.pdf\" target=\"_blank\" rel=\"noopener\">pdf<\/a><\/span><\/span><\/h4>\n<h4><a style=\"font-size: revert; font-weight: revert; font-family: -apple-system, BlinkMacSystemFont, 'Segoe UI', Roboto, Oxygen-Sans, Ubuntu, Cantarell, 'Helvetica Neue', sans-serif;\" href=\"https:\/\/www.cschkolin.cz\/wp-content\/uploads\/2022\/02\/Poplatky_za_prodej_zvirat_2022.pdf\" target=\"_blank\" rel=\"noopener\">Poplatky za prodej zv\u00ed\u0159at na trz\u00edch ZO \u010cSCH Kol\u00edn 1<\/a><\/h4>\n<h4><a href=\"https:\/\/www.cschkolin.cz\/wp-content\/uploads\/2021\/12\/trzni-rad-2022-str.-1-sloucen.pdf\">Tr\u017en\u00ed \u0159\u00e1d 2022<\/a><\/h4>\n","protected":false},"excerpt":{"rendered":"<p>UPOZORN\u011aN\u00cd !!! Upozorn\u011bn\u00ed pdf Upozor\u0148ujeme prodejce zv\u00ed\u0159at, \u017ee na z\u00e1klad\u011b proveden\u00e9 kontroly St\u00e1tn\u00ed veterin\u00e1rn\u00ed spr\u00e1vou, mus\u00ed m\u00edt prodejce \u2013 fyzick\u00e1 osoba, pop\u0159\u00edpad\u011b obchodn\u00ed firma p\u0159i ka\u017ed\u00e9m prodeji zv\u00ed\u0159at svoji jmenovku s&nbsp;p\u0159esnou adresou a \u010destn\u00e9 prohl\u00e1\u0161en\u00ed o zdravotn\u00edm stavu zv\u00ed\u0159ete. Jmenovku i \u010destn\u00e9 prohl\u00e1\u0161en\u00ed o zdravotn\u00edm stavu zv\u00ed\u0159ete je mo\u017en\u00e9 si st\u00e1hnout na na\u0161ich webov\u00fdch str\u00e1nk\u00e1ch &hellip; <\/p>\n<p><a class=\"more-link block-button\" href=\"https:\/\/www.cschkolin.cz\/?page_id=1392\">Pokra\u010dovat ve \u010dten\u00ed &raquo;<\/a><\/p>\n","protected":false},"author":1,"featured_media":0,"parent":584,"menu_order":0,"comment_status":"closed","ping_status":"closed","template":"","meta":{"ngg_post_thumbnail":0},"_links":{"self":[{"href":"https:\/\/www.cschkolin.cz\/index.php?rest_route=\/wp\/v2\/pages\/1392"}],"collection":[{"href":"https:\/\/www.cschkolin.cz\/index.php?rest_route=\/wp\/v2\/pages"}],"about":[{"href":"https:\/\/www.cschkolin.cz\/index.php?rest_route=\/wp\/v2\/types\/page"}],"author":[{"embeddable":true,"href":"https:\/\/www.cschkolin.cz\/index.php?rest_route=\/wp\/v2\/users\/1"}],"replies":[{"embeddable":true,"href":"https:\/\/www.cschkolin.cz\/index.php?rest_route=%2Fwp%2Fv2%2Fcomments&post=1392"}],"version-history":[{"count":23,"href":"https:\/\/www.cschkolin.cz\/index.php?rest_route=\/wp\/v2\/pages\/1392\/revisions"}],"predecessor-version":[{"id":2995,"href":"https:\/\/www.cschkolin.cz\/index.php?rest_route=\/wp\/v2\/pages\/1392\/revisions\/2995"}],"up":[{"embeddable":true,"href":"https:\/\/www.cschkolin.cz\/index.php?rest_route=\/wp\/v2\/pages\/584"}],"wp:attachment":[{"href":"https:\/\/www.cschkolin.cz\/index.php?rest_route=%2Fwp%2Fv2%2Fmedia&parent=1392"}],"curies":[{"name":"wp","href":"https:\/\/api.w.org\/{rel}","templated":true}]}}