{"id":167,"date":"2010-02-17T14:32:05","date_gmt":"2010-02-17T13:32:05","guid":{"rendered":"https:\/\/www.cschkolin.cz\/?page_id=167"},"modified":"2011-10-10T15:22:28","modified_gmt":"2011-10-10T15:22:28","slug":"reprezentanati-kolina-na-mladeznickem-soutezi-v-kromerizi","status":"publish","type":"page","link":"https:\/\/www.cschkolin.cz\/?page_id=167","title":{"rendered":"Reprezentanati Kol\u00edna na ml\u00e1de\u017enick\u00e9m sout\u011b\u017ei v Krom\u011b\u0159\u00ed\u017ei"},"content":{"rendered":"ngg_shortcode_0_placeholder\n<p>Jana Nov\u00e1\u010dkov\u00e1<\/p>\n","protected":false},"excerpt":{"rendered":"<p>Jana Nov\u00e1\u010dkov\u00e1<\/p>\n","protected":false},"author":1,"featured_media":0,"parent":137,"menu_order":0,"comment_status":"closed","ping_status":"open","template":"","meta":{"ngg_post_thumbnail":0},"_links":{"self":[{"href":"https:\/\/www.cschkolin.cz\/index.php?rest_route=\/wp\/v2\/pages\/167"}],"collection":[{"href":"https:\/\/www.cschkolin.cz\/index.php?rest_route=\/wp\/v2\/pages"}],"about":[{"href":"https:\/\/www.cschkolin.cz\/index.php?rest_route=\/wp\/v2\/types\/page"}],"author":[{"embeddable":true,"href":"https:\/\/www.cschkolin.cz\/index.php?rest_route=\/wp\/v2\/users\/1"}],"replies":[{"embeddable":true,"href":"https:\/\/www.cschkolin.cz\/index.php?rest_route=%2Fwp%2Fv2%2Fcomments&post=167"}],"version-history":[{"count":3,"href":"https:\/\/www.cschkolin.cz\/index.php?rest_route=\/wp\/v2\/pages\/167\/revisions"}],"predecessor-version":[{"id":540,"href":"https:\/\/www.cschkolin.cz\/index.php?rest_route=\/wp\/v2\/pages\/167\/revisions\/540"}],"up":[{"embeddable":true,"href":"https:\/\/www.cschkolin.cz\/index.php?rest_route=\/wp\/v2\/pages\/137"}],"wp:attachment":[{"href":"https:\/\/www.cschkolin.cz\/index.php?rest_route=%2Fwp%2Fv2%2Fmedia&parent=167"}],"curies":[{"name":"wp","href":"https:\/\/api.w.org\/{rel}","templated":true}]}}