{"id":2669,"date":"2022-09-07T21:31:27","date_gmt":"2022-09-07T19:31:27","guid":{"rendered":"https:\/\/www.cschkolin.cz\/?page_id=2669"},"modified":"2022-09-07T21:36:52","modified_gmt":"2022-09-07T19:36:52","slug":"posvicenska-prehlidka-drobneho-zvirectva","status":"publish","type":"page","link":"https:\/\/www.cschkolin.cz\/?page_id=2669","title":{"rendered":"Posv\u00edcensk\u00e1 p\u0159ehl\u00eddka drobn\u00e9ho zv\u00ed\u0159ectva"},"content":{"rendered":"\n<p><a href=\"https:\/\/www.cschkolin.cz\/wp-content\/uploads\/2022\/09\/01.jpeg\"><img decoding=\"async\" loading=\"lazy\" class=\"aligncenter wp-image-2659 size-medium\" src=\"https:\/\/www.cschkolin.cz\/wp-content\/uploads\/2022\/09\/01-300x225.jpeg\" alt=\"\" width=\"300\" height=\"225\" srcset=\"https:\/\/www.cschkolin.cz\/wp-content\/uploads\/2022\/09\/01-300x225.jpeg 300w, https:\/\/www.cschkolin.cz\/wp-content\/uploads\/2022\/09\/01-768x576.jpeg 768w, https:\/\/www.cschkolin.cz\/wp-content\/uploads\/2022\/09\/01-1536x1152.jpeg 1536w, https:\/\/www.cschkolin.cz\/wp-content\/uploads\/2022\/09\/01.jpeg 2048w\" sizes=\"(max-width: 300px) 100vw, 300px\" \/><\/a><br><a href=\"https:\/\/www.cschkolin.cz\/wp-content\/uploads\/2022\/09\/02.jpeg\"><img decoding=\"async\" loading=\"lazy\" class=\"aligncenter wp-image-2660 size-medium\" src=\"https:\/\/www.cschkolin.cz\/wp-content\/uploads\/2022\/09\/02-300x225.jpeg\" alt=\"\" width=\"300\" height=\"225\" srcset=\"https:\/\/www.cschkolin.cz\/wp-content\/uploads\/2022\/09\/02-300x225.jpeg 300w, https:\/\/www.cschkolin.cz\/wp-content\/uploads\/2022\/09\/02-768x576.jpeg 768w, https:\/\/www.cschkolin.cz\/wp-content\/uploads\/2022\/09\/02-1536x1152.jpeg 1536w, https:\/\/www.cschkolin.cz\/wp-content\/uploads\/2022\/09\/02.jpeg 2048w\" sizes=\"(max-width: 300px) 100vw, 300px\" \/><\/a><br><a href=\"https:\/\/www.cschkolin.cz\/wp-content\/uploads\/2022\/09\/08.jpeg\"><img decoding=\"async\" loading=\"lazy\" class=\"aligncenter wp-image-2666 size-medium\" src=\"https:\/\/www.cschkolin.cz\/wp-content\/uploads\/2022\/09\/08-225x300.jpeg\" alt=\"\" width=\"225\" height=\"300\" srcset=\"https:\/\/www.cschkolin.cz\/wp-content\/uploads\/2022\/09\/08-225x300.jpeg 225w, https:\/\/www.cschkolin.cz\/wp-content\/uploads\/2022\/09\/08-768x1024.jpeg 768w, https:\/\/www.cschkolin.cz\/wp-content\/uploads\/2022\/09\/08-1152x1536.jpeg 1152w, https:\/\/www.cschkolin.cz\/wp-content\/uploads\/2022\/09\/08.jpeg 1536w\" sizes=\"(max-width: 225px) 100vw, 225px\" \/><\/a><br><a href=\"https:\/\/www.cschkolin.cz\/wp-content\/uploads\/2022\/09\/07.jpeg\"><img decoding=\"async\" loading=\"lazy\" class=\"aligncenter wp-image-2665 size-medium\" src=\"https:\/\/www.cschkolin.cz\/wp-content\/uploads\/2022\/09\/07-225x300.jpeg\" alt=\"\" width=\"225\" height=\"300\" srcset=\"https:\/\/www.cschkolin.cz\/wp-content\/uploads\/2022\/09\/07-225x300.jpeg 225w, https:\/\/www.cschkolin.cz\/wp-content\/uploads\/2022\/09\/07-768x1024.jpeg 768w, https:\/\/www.cschkolin.cz\/wp-content\/uploads\/2022\/09\/07-1152x1536.jpeg 1152w, https:\/\/www.cschkolin.cz\/wp-content\/uploads\/2022\/09\/07.jpeg 1536w\" sizes=\"(max-width: 225px) 100vw, 225px\" \/><\/a><br><a href=\"https:\/\/www.cschkolin.cz\/wp-content\/uploads\/2022\/09\/06.jpeg\"><img decoding=\"async\" loading=\"lazy\" class=\"aligncenter wp-image-2664 size-medium\" src=\"https:\/\/www.cschkolin.cz\/wp-content\/uploads\/2022\/09\/06-225x300.jpeg\" alt=\"\" width=\"225\" height=\"300\" srcset=\"https:\/\/www.cschkolin.cz\/wp-content\/uploads\/2022\/09\/06-225x300.jpeg 225w, https:\/\/www.cschkolin.cz\/wp-content\/uploads\/2022\/09\/06-768x1024.jpeg 768w, https:\/\/www.cschkolin.cz\/wp-content\/uploads\/2022\/09\/06-1152x1536.jpeg 1152w, https:\/\/www.cschkolin.cz\/wp-content\/uploads\/2022\/09\/06.jpeg 1536w\" sizes=\"(max-width: 225px) 100vw, 225px\" \/><\/a><br><a href=\"https:\/\/www.cschkolin.cz\/wp-content\/uploads\/2022\/09\/05.jpeg\"><img decoding=\"async\" loading=\"lazy\" class=\"aligncenter wp-image-2663 size-medium\" src=\"https:\/\/www.cschkolin.cz\/wp-content\/uploads\/2022\/09\/05-225x300.jpeg\" alt=\"\" width=\"225\" height=\"300\" srcset=\"https:\/\/www.cschkolin.cz\/wp-content\/uploads\/2022\/09\/05-225x300.jpeg 225w, https:\/\/www.cschkolin.cz\/wp-content\/uploads\/2022\/09\/05-768x1024.jpeg 768w, https:\/\/www.cschkolin.cz\/wp-content\/uploads\/2022\/09\/05-1152x1536.jpeg 1152w, https:\/\/www.cschkolin.cz\/wp-content\/uploads\/2022\/09\/05.jpeg 1536w\" sizes=\"(max-width: 225px) 100vw, 225px\" \/><\/a><br><a href=\"https:\/\/www.cschkolin.cz\/wp-content\/uploads\/2022\/09\/03.jpeg\"><img decoding=\"async\" loading=\"lazy\" class=\"aligncenter wp-image-2661 size-medium\" src=\"https:\/\/www.cschkolin.cz\/wp-content\/uploads\/2022\/09\/03-300x225.jpeg\" alt=\"\" width=\"300\" height=\"225\" srcset=\"https:\/\/www.cschkolin.cz\/wp-content\/uploads\/2022\/09\/03-300x225.jpeg 300w, https:\/\/www.cschkolin.cz\/wp-content\/uploads\/2022\/09\/03-768x576.jpeg 768w, https:\/\/www.cschkolin.cz\/wp-content\/uploads\/2022\/09\/03-1536x1152.jpeg 1536w, https:\/\/www.cschkolin.cz\/wp-content\/uploads\/2022\/09\/03.jpeg 2048w\" sizes=\"(max-width: 300px) 100vw, 300px\" \/><\/a><\/p>\n","protected":false},"excerpt":{"rendered":"","protected":false},"author":1,"featured_media":1686,"parent":2546,"menu_order":0,"comment_status":"closed","ping_status":"closed","template":"","meta":{"ngg_post_thumbnail":0},"_links":{"self":[{"href":"https:\/\/www.cschkolin.cz\/index.php?rest_route=\/wp\/v2\/pages\/2669"}],"collection":[{"href":"https:\/\/www.cschkolin.cz\/index.php?rest_route=\/wp\/v2\/pages"}],"about":[{"href":"https:\/\/www.cschkolin.cz\/index.php?rest_route=\/wp\/v2\/types\/page"}],"author":[{"embeddable":true,"href":"https:\/\/www.cschkolin.cz\/index.php?rest_route=\/wp\/v2\/users\/1"}],"replies":[{"embeddable":true,"href":"https:\/\/www.cschkolin.cz\/index.php?rest_route=%2Fwp%2Fv2%2Fcomments&post=2669"}],"version-history":[{"count":4,"href":"https:\/\/www.cschkolin.cz\/index.php?rest_route=\/wp\/v2\/pages\/2669\/revisions"}],"predecessor-version":[{"id":2674,"href":"https:\/\/www.cschkolin.cz\/index.php?rest_route=\/wp\/v2\/pages\/2669\/revisions\/2674"}],"up":[{"embeddable":true,"href":"https:\/\/www.cschkolin.cz\/index.php?rest_route=\/wp\/v2\/pages\/2546"}],"wp:featuredmedia":[{"embeddable":true,"href":"https:\/\/www.cschkolin.cz\/index.php?rest_route=\/wp\/v2\/media\/1686"}],"wp:attachment":[{"href":"https:\/\/www.cschkolin.cz\/index.php?rest_route=%2Fwp%2Fv2%2Fmedia&parent=2669"}],"curies":[{"name":"wp","href":"https:\/\/api.w.org\/{rel}","templated":true}]}}