{"id":2814,"date":"2023-11-19T08:30:46","date_gmt":"2023-11-19T07:30:46","guid":{"rendered":"https:\/\/www.cschkolin.cz\/?page_id=2814"},"modified":"2024-09-08T14:41:25","modified_gmt":"2024-09-08T12:41:25","slug":"2023-2","status":"publish","type":"page","link":"https:\/\/www.cschkolin.cz\/?page_id=2814","title":{"rendered":"2023"},"content":{"rendered":"\n<p><a href=\"https:\/\/www.cschkolin.cz\/wp-content\/uploads\/2023\/11\/Okres_2023_final.pdf\" target=\"_blank\" rel=\"noopener\">Katalog 2023<\/a><\/p>\n<p><a href=\"https:\/\/www.cschkolin.cz\/wp-content\/uploads\/2024\/09\/Posviceni_2023_final.pdf\" target=\"_blank\" rel=\"noopener\">Katalog posv\u00edcensk\u00e9 v\u00fdstavy 2023<\/a><\/p>\n","protected":false},"excerpt":{"rendered":"<p>Katalog 2023 Katalog posv\u00edcensk\u00e9 v\u00fdstavy 2023<\/p>\n","protected":false},"author":1,"featured_media":0,"parent":368,"menu_order":-1,"comment_status":"closed","ping_status":"closed","template":"","meta":{"ngg_post_thumbnail":0},"_links":{"self":[{"href":"https:\/\/www.cschkolin.cz\/index.php?rest_route=\/wp\/v2\/pages\/2814"}],"collection":[{"href":"https:\/\/www.cschkolin.cz\/index.php?rest_route=\/wp\/v2\/pages"}],"about":[{"href":"https:\/\/www.cschkolin.cz\/index.php?rest_route=\/wp\/v2\/types\/page"}],"author":[{"embeddable":true,"href":"https:\/\/www.cschkolin.cz\/index.php?rest_route=\/wp\/v2\/users\/1"}],"replies":[{"embeddable":true,"href":"https:\/\/www.cschkolin.cz\/index.php?rest_route=%2Fwp%2Fv2%2Fcomments&post=2814"}],"version-history":[{"count":5,"href":"https:\/\/www.cschkolin.cz\/index.php?rest_route=\/wp\/v2\/pages\/2814\/revisions"}],"predecessor-version":[{"id":2976,"href":"https:\/\/www.cschkolin.cz\/index.php?rest_route=\/wp\/v2\/pages\/2814\/revisions\/2976"}],"up":[{"embeddable":true,"href":"https:\/\/www.cschkolin.cz\/index.php?rest_route=\/wp\/v2\/pages\/368"}],"wp:attachment":[{"href":"https:\/\/www.cschkolin.cz\/index.php?rest_route=%2Fwp%2Fv2%2Fmedia&parent=2814"}],"curies":[{"name":"wp","href":"https:\/\/api.w.org\/{rel}","templated":true}]}}