{"id":2977,"date":"2024-09-08T14:42:50","date_gmt":"2024-09-08T12:42:50","guid":{"rendered":"https:\/\/www.cschkolin.cz\/?page_id=2977"},"modified":"2024-11-21T11:03:46","modified_gmt":"2024-11-21T10:03:46","slug":"2024-2","status":"publish","type":"page","link":"https:\/\/www.cschkolin.cz\/?page_id=2977","title":{"rendered":"2024"},"content":{"rendered":"\n<p><a href=\"https:\/\/www.cschkolin.cz\/wp-content\/uploads\/2024\/11\/katalog_final_2024.pdf\" target=\"_blank\" rel=\"noopener\">Katalog 2024<\/a><\/p>\n<p><a href=\"https:\/\/www.cschkolin.cz\/wp-content\/uploads\/2024\/09\/posviceni_24_final.pdf\" target=\"_blank\" rel=\"noopener\">Katalog posv\u00edcensk\u00e9 v\u00fdstavy 2024<\/a><\/p>\n","protected":false},"excerpt":{"rendered":"<p>Katalog 2024 Katalog posv\u00edcensk\u00e9 v\u00fdstavy 2024<\/p>\n","protected":false},"author":1,"featured_media":0,"parent":368,"menu_order":-2,"comment_status":"closed","ping_status":"closed","template":"","meta":{"ngg_post_thumbnail":0},"_links":{"self":[{"href":"https:\/\/www.cschkolin.cz\/index.php?rest_route=\/wp\/v2\/pages\/2977"}],"collection":[{"href":"https:\/\/www.cschkolin.cz\/index.php?rest_route=\/wp\/v2\/pages"}],"about":[{"href":"https:\/\/www.cschkolin.cz\/index.php?rest_route=\/wp\/v2\/types\/page"}],"author":[{"embeddable":true,"href":"https:\/\/www.cschkolin.cz\/index.php?rest_route=\/wp\/v2\/users\/1"}],"replies":[{"embeddable":true,"href":"https:\/\/www.cschkolin.cz\/index.php?rest_route=%2Fwp%2Fv2%2Fcomments&post=2977"}],"version-history":[{"count":4,"href":"https:\/\/www.cschkolin.cz\/index.php?rest_route=\/wp\/v2\/pages\/2977\/revisions"}],"predecessor-version":[{"id":3007,"href":"https:\/\/www.cschkolin.cz\/index.php?rest_route=\/wp\/v2\/pages\/2977\/revisions\/3007"}],"up":[{"embeddable":true,"href":"https:\/\/www.cschkolin.cz\/index.php?rest_route=\/wp\/v2\/pages\/368"}],"wp:attachment":[{"href":"https:\/\/www.cschkolin.cz\/index.php?rest_route=%2Fwp%2Fv2%2Fmedia&parent=2977"}],"curies":[{"name":"wp","href":"https:\/\/api.w.org\/{rel}","templated":true}]}}