{"id":3073,"date":"2025-03-11T01:35:17","date_gmt":"2025-03-11T00:35:17","guid":{"rendered":"https:\/\/www.cschkolin.cz\/?page_id=3073"},"modified":"2026-04-02T23:33:33","modified_gmt":"2026-04-02T21:33:33","slug":"plan-vystav-2025","status":"publish","type":"page","link":"https:\/\/www.cschkolin.cz\/?page_id=3073","title":{"rendered":"Pl\u00e1n v\u00fdstav 2026"},"content":{"rendered":"\n<h3><strong>24.-25.10.2026<\/strong><br><strong>V\u00fdstava Klubu chovatel\u016f dr\u016fbe\u017ee \u0160umavanek<\/strong><\/h3>\n<p>&nbsp;<\/p>\n<h3><strong>31.10.2026<\/strong><br><strong>V\u00fdstava Klubu chovatel\u016f dr\u016fbe\u017ee Plymutek&nbsp;<\/strong><\/h3>\n<p>&nbsp;<\/p>\n<h3><strong>7.-8.11.2026<\/strong><br><strong>Okresn\u00ed v\u00fdstava kr\u00e1l\u00edk\u016f, holub\u016f, dr\u016fbe\u017ee a exotick\u00e9ho ptactva s v\u00fdstavou Klubu chovatel\u016f kr\u00e1l\u00edk\u016f zaje\u010d\u00edch a Klubu chovatel\u016f dr\u016fbe\u017ee Velsumek<\/strong><\/h3>\n<p>&nbsp;<\/p>\n<h3><strong>14.11.2026<\/strong><br><strong>V\u00fdstava Klub\u016f chovatel\u016f kr\u00e1l\u00edk\u016f N\u011bmeck\u00fdch obrovit\u00fdch strak\u00e1\u010d\u016f, Beran\u016f a Novoz\u00e9landsk\u00fdch \u010derven\u00fdch<\/strong><\/h3>\n<h3>&nbsp;<\/h3>\n<h3><strong>12.-13.12.2026<\/strong><br><strong>Celost\u00e1tn\u00ed<\/strong> <strong>p\u0159ehl\u00eddka holub\u016f<\/strong> <strong>\u010cesk\u00fdch stav\u00e1k\u016f<\/strong><\/h3>\n<p>&nbsp;<\/p>\n<h3><strong>19.12.2026<\/strong><br><strong>Stoln\u00ed bodov\u00e1n\u00ed kr\u00e1l\u00edk\u016f<\/strong><\/h3>\n","protected":false},"excerpt":{"rendered":"<p>24.-25.10.2026V\u00fdstava Klubu chovatel\u016f dr\u016fbe\u017ee \u0160umavanek &nbsp; 31.10.2026V\u00fdstava Klubu chovatel\u016f dr\u016fbe\u017ee Plymutek&nbsp; &nbsp; 7.-8.11.2026Okresn\u00ed v\u00fdstava kr\u00e1l\u00edk\u016f, holub\u016f, dr\u016fbe\u017ee a exotick\u00e9ho ptactva s v\u00fdstavou Klubu chovatel\u016f kr\u00e1l\u00edk\u016f zaje\u010d\u00edch a Klubu chovatel\u016f dr\u016fbe\u017ee Velsumek &nbsp; 14.11.2026V\u00fdstava Klub\u016f chovatel\u016f kr\u00e1l\u00edk\u016f N\u011bmeck\u00fdch obrovit\u00fdch strak\u00e1\u010d\u016f, Beran\u016f a Novoz\u00e9landsk\u00fdch \u010derven\u00fdch &nbsp; 12.-13.12.2026Celost\u00e1tn\u00ed p\u0159ehl\u00eddka holub\u016f \u010cesk\u00fdch stav\u00e1k\u016f &nbsp; 19.12.2026Stoln\u00ed bodov\u00e1n\u00ed kr\u00e1l\u00edk\u016f<\/p>\n","protected":false},"author":1,"featured_media":0,"parent":2399,"menu_order":0,"comment_status":"closed","ping_status":"closed","template":"","meta":{"ngg_post_thumbnail":0},"_links":{"self":[{"href":"https:\/\/www.cschkolin.cz\/index.php?rest_route=\/wp\/v2\/pages\/3073"}],"collection":[{"href":"https:\/\/www.cschkolin.cz\/index.php?rest_route=\/wp\/v2\/pages"}],"about":[{"href":"https:\/\/www.cschkolin.cz\/index.php?rest_route=\/wp\/v2\/types\/page"}],"author":[{"embeddable":true,"href":"https:\/\/www.cschkolin.cz\/index.php?rest_route=\/wp\/v2\/users\/1"}],"replies":[{"embeddable":true,"href":"https:\/\/www.cschkolin.cz\/index.php?rest_route=%2Fwp%2Fv2%2Fcomments&post=3073"}],"version-history":[{"count":6,"href":"https:\/\/www.cschkolin.cz\/index.php?rest_route=\/wp\/v2\/pages\/3073\/revisions"}],"predecessor-version":[{"id":3593,"href":"https:\/\/www.cschkolin.cz\/index.php?rest_route=\/wp\/v2\/pages\/3073\/revisions\/3593"}],"up":[{"embeddable":true,"href":"https:\/\/www.cschkolin.cz\/index.php?rest_route=\/wp\/v2\/pages\/2399"}],"wp:attachment":[{"href":"https:\/\/www.cschkolin.cz\/index.php?rest_route=%2Fwp%2Fv2%2Fmedia&parent=3073"}],"curies":[{"name":"wp","href":"https:\/\/api.w.org\/{rel}","templated":true}]}}