{"id":334,"date":"2010-12-02T17:05:48","date_gmt":"2010-12-02T16:05:48","guid":{"rendered":"https:\/\/www.cschkolin.cz\/?page_id=334"},"modified":"2011-10-10T15:22:49","modified_gmt":"2011-10-10T15:22:49","slug":"polabske-vystavy","status":"publish","type":"page","link":"https:\/\/www.cschkolin.cz\/?page_id=334","title":{"rendered":"Polabsk\u00e1 v\u00fdstava"},"content":{"rendered":"<p style=\"text-align: center;\">ngg_shortcode_0_placeholder<\/p>\n<h3><strong><span style=\"text-decoration: underline;\">Okresn\u00ed v\u00fdstava a speci\u00e1lky v Kol\u00edn\u011b<\/span><\/strong><\/h3>\n<p style=\"text-align: justify;\">Dne 6.11.2010 prob\u011bhla v Kol\u00edn\u011b &#8211; \u0160t\u00edtarech okresn\u00ed v\u00fdstava kr\u00e1l\u00edk\u016f, dr\u016fbe\u017ee, holub\u016f, exotick\u00e9ho ptactva, roz\u0161\u00ed\u0159en\u00e1 o speci\u00e1ln\u00ed v\u00fdstavy klub\u016f chovatel\u016f kr\u00e1l\u00edk\u016f zaje\u010d\u00edch, moravsk\u00fdch b\u00edl\u00fdch hn\u011bdook\u00fdch, japonsk\u00fdch a klub\u016f chovatel\u016f dr\u016fbe\u017ee plemen vyandotka a velsumka.<br \/>\nCelkem bylo vystaveno 285 kr\u00e1l\u00edk\u016f, 295 holub\u016f, 252 ks dr\u016fbe\u017ee a na 260 ks exotick\u00e9ho ptactva. Posuzov\u00e1n\u00ed prob\u011bhlo 5.11.2010. Kr\u00e1l\u00edky posuzovali: D. Caithamlov\u00e1, M. Pavelka, \u010c.Pozdn\u00edk, P. Sirotek a J. Vlastn\u00edk, holuby H. Dufek, D. Hrub\u00e1, Z. Musil a J. B\u00edro\u0161, dr\u016fbe\u017e<br \/>\nJ. Bayer, R. Bayer, J. Nov\u00e1\u010dkov\u00e1 a J. Vilhelm. Hodnocen\u00ed exotick\u00e9ho ptactva se zhostili m\u00edstn\u00ed posuzovatel\u00e9  V. D\u0159evo a J. Svoboda.<br \/>\nV horn\u00ed hale uv\u00edtala n\u00e1v\u0161t\u011bvn\u00edky expozice exotick\u00e9ho ptactva dopln\u011bn\u00e1 o drobn\u00e9 hlodavce a akvarijn\u00ed rybky. Mimo jin\u00e9 bylo vystaveno 25 drobn\u00fdch exot\u016f, 14 kan\u00e1r\u016f, 17 k\u0159\u00ed\u017eenc\u016f evropsk\u00e9ho ptactva a pt\u00e1k\u016f p\u0159\u00edrodn\u00edch, 17 k\u0159epelek, 47 andulek- z toho 8 v\u00fdstavn\u00edch, 4 exoti\u010dt\u00ed holoubci, 14 ba\u017eant\u016f, 6 koroptv\u00ed, 5 \u010d\u00edrek a kolekce 11 ks vodn\u00ed okrasn\u00e9 dr\u016fbe\u017ee. Papou\u0161ky prezentovalo 27 mal\u00fdch, 16 st\u0159edn\u00edch a 60 velk\u00fdch druh\u016f. Sv\u00e1 zv\u00ed\u0159ata p\u0159edvedlo 16 vystavovatel\u016f. Bylo ud\u011bleno 5 \u010destn\u00fdch cen. Z\u00edskali je exoti\u010dt\u00ed holoubci V. Hole\u010dka, amazonek \u010dernohlav\u00fd V. V\u00e1chy, papou\u0161ek kou\u0159ov\u00fd L. Kolakovsk\u00e9ho, kolekce vodn\u00ed dr\u016fbe\u017ee prezentovan\u00e1 mandarinkami, berne\u0161kami a husami indick\u00fdmi L. Karbana a k\u0159\u00ed\u017eenci kan\u00e1r x stehl\u00edk P. Senohr\u00e1bka. Zaj\u00edmavost\u00ed bylo vystaven\u00ed evropsk\u00e9ho ptactva (v\u0161e s osv\u011bd\u010den\u00edm o vzet\u00ed do evidence). Zejm\u00e9na d\u011bti z M\u0160 a Z\u0160, kter\u00fdch p\u0159i\u0161lo v p\u00e1tek opravdu hodn\u011b, m\u011bly mo\u017enost si z bl\u00edzka prohl\u00e9dnout stehl\u00edka, \u010d\u00ed\u017eka, zvonohl\u00edka, koroptev nebo k\u0159epelku. Z velk\u00fdch papou\u0161k\u016f zaujali amazo\u0148ani panam\u0161t\u00ed a \u017eakov\u00e9. V\u00fdstava exot\u016f byla pro ve\u0159ejnost otev\u0159ena od 5.11. a\u017e do ned\u011ble 7.11.<br \/>\nV\u00fdstavu kr\u00e1l\u00edk\u016f zahajovali velc\u00ed sv\u011btl\u00ed st\u0159\u00edb\u0159it\u00ed (8) pom\u011brn\u011b vyrovnan\u00e9 kvality, n\u00e1sledovaly \u010din\u010dily velk\u00e9(6), v\u00edden\u0161t\u00ed mod\u0159\u00ed(12), \u010dern\u00ed(4) a \u0161ed\u00ed(10). D\u00e1le se p\u0159edstavili novoz\u00e9land\u0161t\u00ed \u010derven\u00ed(10), novoz\u00e9land\u0161t\u00ed b\u00edl\u00ed (6), burgund\u0161t\u00ed (15) a kaliforn\u0161t\u00ed (7). N\u00e1sledovalo 44 ks japonsk\u00fdch kr\u00e1l\u00edk\u016f \u0161esti vystavovatel\u016f, z nich\u017e vynikla p\u0159edev\u0161\u00edm v kvalit\u011b srsti zv\u00ed\u0159ata Z. Pokorn\u00e9ho. \u010cesk\u00fd strak\u00e1\u010d byl vystaven v barv\u011b \u010dern\u00e9 a divok\u00e9 (9), 5 kr\u00e1l\u00edk\u016f durynsk\u00fdch bylo velmi dobr\u00e9 kvality. V r\u00e1mci speci\u00e1lky Mbh bylo p\u0159edstaveno 25 zv\u00ed\u0159at t\u0159\u00ed chovatel\u016f. Kr\u00e1l\u00edci zaje\u010d\u00ed (50ks) sedmi vystavovatel\u016f byli k vid\u011bn\u00ed ve zbarven\u00ed divoce ohniv\u00e9m, t\u0159\u00edslov\u011b \u010dern\u00e9m a t\u0159\u00edslov\u011b modr\u00e9m. Mal\u00e1 plemena byla zastoupena holandsk\u00fdm havanovit\u00fdm (1), rusk\u00fdm \u010dern\u00fdm (2) a t\u0159\u00edslov\u00fdm \u010dern\u00fdm (5). N\u00e1sledovali zakrsl\u00ed berani perlov\u00ed (7) a jeden japanovit\u00fd. Hermel\u00edni \u010dervenooc\u00ed byli a\u017e na v\u00fdjimky sp\u00ed\u0161e pr\u016fm\u011brn\u00e9 kvality. V zakrsl\u00fdch barevn\u00fdch zaujali zejm\u00e9na dva japon\u0161t\u00ed, d\u00e1le byli prezentov\u00e1ni v barv\u011b divok\u00e9, siamsk\u00e9 \u017elut\u00e9, t\u0159\u00edslov\u00e9 havanovit\u00e9 a b\u00edlopes\u00edkat\u00e9 (\u010d,m,hav). Raritou v\u00fdstavy bylo p\u0159edveden\u00ed nad\u011bjn\u00e9 novinky. \u0160lo o dv\u011b sami\u010dky zakrsl\u00e9 zaje\u010d\u00ed b\u00edl\u00e9 \u010dervenook\u00e9. Z\u00e1v\u011br expozice kr\u00e1l\u00edk\u016f pat\u0159il rex\u016fm modr\u00fdm, dalmatinsk\u00fdm strak\u00e1\u010d\u016fm, kun\u00edm modr\u00fdm a ze zakrsl\u00fdch rex\u016f pak bylo vystaveno po jednom kastorexu, b\u00edl\u00e9m \u010dervenook\u00e9m, modr\u00e9m, \u010din\u010dilov\u00e9m a sedm dalmatinsk\u00fdch strak\u00e1\u010d\u016f \u010dern\u00fdch.<br \/>\nOkresn\u00ed poh\u00e1r na nejlep\u0161\u00ed kolekci z\u00edskal p\u0159. Zden\u011bk Pokorn\u00fd na kr\u00e1l\u00edky japonsk\u00e9 (378,5b.). \u010cestn\u00e9 ceny z\u00edskali: F. Pila\u0159 &#8211; Vss, \u010c. Pozdn\u00edk -Vm (378,5b.), R. Dolej\u0161-V\u0161, B. Kub\u00edk &#8211; Nb, P. Ln\u011bni\u010dka -Bu, na japonsk\u00e9 kr\u00e1l\u00edky d\u00e1le P.Barto\u0148, M. T\u0159e\u0161\u0148\u00e1k a J. Franc. Na 1,0 \u010cS\u010d 95,5b. z\u00edskal \u010destnou cenu J. Hovorka a na p\u011bknou kolekci durynsk\u00fdch S.Van\u011bk. Nejlep\u0161\u00ed kolekce Mbh pat\u0159ila M. Melcrovi. V r\u00e1mci speci\u00e1lky kr\u00e1l\u00edk\u016f zaje\u010d\u00edch byla ocen\u011bna zv\u00ed\u0159ata J. J\u00edchy, J. Petrs\u00edka, \u010c. Pozdn\u00edka a J. Huj\u00ed\u010dka, kter\u00fd z\u00edskal celkem za ocen\u011bn\u00ed 4x 95 b. \u010dty\u0159i \u010d.c. &#8211; dv\u011b na divoce zbarven\u00e9 a dv\u011b na t\u0159\u00edslov\u011b \u010dern\u00e9 zaje\u010d\u00e1ky. Dal\u0161\u00ed \u010destn\u00e9 ceny z\u00edskal A. Flieger na T\u010d, M. Lhotka na He\u010d 95,5b., N. Melcrov\u00e1- Zb\u00ed\u010d, J. Nov\u00e1\u010dkov\u00e1 &#8211; MRex (377,5b.) a I. Laubov\u00e1 ZDS\u010d.<br \/>\nV r\u00e1mci expozice holub\u016f byla vystavena n\u00e1sleduj\u00edc\u00ed plemena: \u010d\u00ednsk\u00fd racek (8), staroholandsk\u00fd kapuc\u00edn (4), paruk\u00e1\u0159 (4), kudrn\u00e1\u010d (12), \u010desk\u00e1 \u010dejka rousn\u00e1 (4), pr\u00e1che\u0148sk\u00fd k\u00e1n\u00edk (17), moravsk\u00fd p\u0161tros (72), kobursk\u00fd sk\u0159ivan (7), bene\u0161ovsk\u00fd holub (2), polsk\u00fd rys (4), texan (9), gigant (17), modena (11), king (47), n\u011bmeck\u00fd v\u00fdstavn\u00ed (5), po\u0161tovn\u00e1 holub (25), slezsk\u00fd vol\u00e1\u010d (10), \u010desk\u00fd vol\u00e1\u010d siv\u00fd (5), \u010desk\u00fd stav\u00e1k (40). V\u00edt\u011bzn\u00fd okresn\u00ed poh\u00e1r z\u00edskal V. Civ\u00edn na giganty. D\u00e1le \u010destn\u00e9 ceny z\u00edskali: J. Havrda -\u010d\u00ednsk\u00fd racek 95b., staroholandsk\u00fd kapuc\u00edn 95b. a kudrn\u00e1\u010d \u010derven\u00fd b\u011blou\u0161 95b., S. Darius pr\u00e1che\u0148sk\u00fd k\u00e1n\u00edk modr\u00fd \u0161upinat\u00fd 95b., J.Tu\u010dek &#8211; \u010desk\u00e1 \u010dejka rousn\u00e1 modr\u00e1 \u0161upkat\u00e1 95b. a moravsk\u00fd p\u0161tros \u010dern\u00fd 95b. Na moravsk\u00e9 p\u0161trosy z\u00edskal \u010destnou cenu: J. Bene\u0161 &#8211; modr\u00fd, J. Jir\u00e1nek &#8211; modr\u00fd \u010dernopruh\u00fd, K. Chadraba a J. Proch\u00e1zka &#8211; modr\u00fd bezpruh\u00fd, J. Drahovzal a O. \u0160edina- \u010derven\u00fd, \u010c. Pozdn\u00edk &#8211; \u017elut\u00fd. Kvalitn\u00ed modeny schietti pat\u0159ily J. Charv\u00e1tovi a J. Ou\u0159edn\u00edkovi. Mezi kingy pat\u0159ili nejlep\u0161\u00ed jedinci F. \u0160imkovi (b\u00edl\u00fd), J. Her\u010d\u00edkovi (dominant), B. Vlas\u00e1kovi (\u017elut\u00fd). Kvalitn\u00ed slezsk\u00e9 vol\u00e1\u010de p\u0159edvedl \u010c. Pozdn\u00edk, \u010desk\u00e9 vol\u00e1\u010de siv\u00e9  pak K. Lacina ( modr\u00e9 sedlat\u00e9), V. Liska (\u017elut\u00e9 sedlat\u00e9) a M. Calda (b\u00edl\u00fd \u010derven\u00fd plam\u00ednek).<br \/>\nExpozice dr\u016fbe\u017ee zahrnovala 11 ks vodn\u00ed dr\u016fbe\u017ee, dv\u011b kr\u016fty, t\u0159i perli\u010dky, 9 k\u0159epelek a 227 ks kura. Z vodn\u00ed dr\u016fbe\u017ee vystavovatele M. Jordy byly zastoupeny kachny \u010d\u00e1rkovan\u00e9, orpingtonsk\u00e9, ru\u00e1nsk\u00e9 a pi\u017emov\u00e9 divoce zbarven\u00e9. Na pi\u017emov\u00e9ho ka\u010dera oc. EL 95b. byla ud\u011blena \u010destn\u00e1 cena. Krocan kr\u016fty b\u00edl\u00e9 stejn\u00e9ho majitele z\u00edskal takt\u00e9\u017e ocen\u011bn\u00ed EL 95 b. a \u010d. cenu. Dal\u0161\u00ed \u010destnou cenu z\u00edskala perli\u010dka sv\u011btle modr\u00e1 L. V\u00e1clav\u00edka. Kur dom\u00e1c\u00ed byl v r\u00e1mci okresn\u00ed v\u00fdstavy prezentov\u00e1n plemeny: minorka &#8211; \u010d. cenu na slepici obdr\u017eel R. Kysilka, vla\u0161ka koroptv\u00ed, amrokska, hemp\u0161\u00edrka, \u0161umavanka, araukana (b\u00edl\u00e1, \u010dern\u00e1,modr\u00e1 a divoce zbarven\u00e1)-\u010d. cena ud\u011blena na kohouta ARdz SE 98b. J. Nov\u00e1\u010dkov\u00e1, zdrobn\u011bl\u00e1 \u010desk\u00e1 slepice zlat\u011b kropenat\u00e1- \u010d.cena M. Jorda, zdrobn\u011bl\u00e1 hambur\u010danka st\u0159\u00edbrn\u00e1 \u010dern\u011b te\u010dkovan\u00e1, zdrobn\u011bl\u00e1 r\u00fdnsk\u00e1 slepice &#8211; \u010d. cena \u010c. Pozdn\u00edk, zdrobn\u011bl\u00e1 vla\u0161ka porcel\u00e1nov\u00e1, zdrobn\u011bl\u00e1 faverolka, zdrobn\u011bl\u00e1 hemp\u0161\u00edrka &#8211; \u010d. cena B. Kub\u00edk, zdrobn\u011bl\u00e1 plymutka \u010dern\u00e1 a koroptv\u00ed vlnit\u00e1, zdrobn\u011bl\u00e1 hedv\u00e1bni\u010dka b\u00edl\u00e1, zdrobn\u011bl\u00e1 holan\u010fanka, zdrobn\u011bl\u00e1 maranska a antverpsk\u00fd vous\u00e1\u010d v \u0161esti barevn\u00fdch r\u00e1zech &#8211; \u010d. cena na \u010dernob\u00edl\u00e9 O. \u0160\u00e1lek. Z\u00e1v\u011br expozice pat\u0159il japonsk\u00fdm k\u0159epelk\u00e1m masn\u00fdm divoce zbarven\u00fdm a zlat\u011b zbarven\u00fdm &#8211; \u010d. cena J. Nov\u00e1\u010dkov\u00e1.<br \/>\nSpeci\u00e1ln\u00ed v\u00fdstava vyandotek zahrnovala 9 velk\u00fdch ve zbarven\u00ed zlat\u00e9m \u010dern\u011b lemovan\u00e9m, zlat\u00e9m b\u00edle lemovan\u00e9m a st\u0159\u00edbrn\u011b koroptv\u00edm vlnit\u00e9m od t\u0159\u00ed vystavovatel\u016f. Zdrobn\u011bl\u00fdch vyandotek bylo vystaveno 65 ks v dev\u00edti barevn\u00fdch r\u00e1zech od 11 vystavovatel\u016f. Poh\u00e1r  na 0,1 SE 98 b. byl ud\u011blen na z.vyandotku b\u00edlou R. Kysilky, 1,0 \u017e\u00edhan\u00e9ho kohouta P. Tu\u010dka, kter\u00fd z\u00e1rove\u0148 z\u00edskal i okresn\u00ed poh\u00e1r na nejlep\u0161\u00ed kolekci z. vyandotek st\u0159\u00edbrn\u011b koroptv\u00fdch vlnit\u00fdch ( 95,96,95,5b.).  V expozici klubu velsumek nebyly tentokr\u00e1te zastoupeny velsumky velk\u00e9. Prezentov\u00e1no bylo 62 ks zdrobn\u011bl\u00fdch rezav\u011b koroptv\u00edch od jeden\u00e1cti vystavovatel\u016f. Poh\u00e1r na nejlep\u0161\u00edho kohouta EL 96 z\u00edskal Z. Kohout, na slepici EL 95 pak V. Mart\u00ednek. Dal\u0161\u00ed \u010destn\u00e9 ceny z\u00edskala zv\u00ed\u0159ata P. Kancn\u00fd\u0159e, J. Kr\u00e1le (2x) a V. Mart\u00ednka.<br \/>\nV\u00fdstavy se z\u00fa\u010dastnilo 115 vystavovatel\u016f. Pom\u011brn\u011b dost kvalitn\u00edch zv\u00ed\u0159at bylo prodejn\u00fdch, a tak byla p\u0159\u00edle\u017eitost k n\u00e1kupu chovn\u00fdch zv\u00ed\u0159at a tak\u00e9 \u0159ad\u011b p\u0159\u00e1telsk\u00fdch setk\u00e1n\u00ed. Dal\u0161\u00ed v\u00fdstavu, tentokr\u00e1te pouze kr\u00e1l\u00edk\u016f, po\u0159\u00e1d\u00e1 ZO Kol\u00edn 4.12.2010.<\/p>\n<p style=\"text-align: right;\">J. Nov\u00e1\u010dkov\u00e1<\/p>\n","protected":false},"excerpt":{"rendered":"<p>Okresn\u00ed v\u00fdstava a speci\u00e1lky v Kol\u00edn\u011b Dne 6.11.2010 prob\u011bhla v Kol\u00edn\u011b &#8211; \u0160t\u00edtarech okresn\u00ed v\u00fdstava kr\u00e1l\u00edk\u016f, dr\u016fbe\u017ee, holub\u016f, exotick\u00e9ho ptactva, roz\u0161\u00ed\u0159en\u00e1 o speci\u00e1ln\u00ed v\u00fdstavy klub\u016f chovatel\u016f kr\u00e1l\u00edk\u016f zaje\u010d\u00edch, moravsk\u00fdch b\u00edl\u00fdch hn\u011bdook\u00fdch, japonsk\u00fdch a klub\u016f chovatel\u016f dr\u016fbe\u017ee plemen vyandotka a velsumka. Celkem bylo vystaveno 285 kr\u00e1l\u00edk\u016f, 295 holub\u016f, 252 ks dr\u016fbe\u017ee a na 260 ks exotick\u00e9ho &hellip; <\/p>\n<p><a class=\"more-link block-button\" href=\"https:\/\/www.cschkolin.cz\/?page_id=334\">Pokra\u010dovat ve \u010dten\u00ed &raquo;<\/a><\/p>\n","protected":false},"author":1,"featured_media":0,"parent":271,"menu_order":0,"comment_status":"closed","ping_status":"open","template":"","meta":{"ngg_post_thumbnail":0},"_links":{"self":[{"href":"https:\/\/www.cschkolin.cz\/index.php?rest_route=\/wp\/v2\/pages\/334"}],"collection":[{"href":"https:\/\/www.cschkolin.cz\/index.php?rest_route=\/wp\/v2\/pages"}],"about":[{"href":"https:\/\/www.cschkolin.cz\/index.php?rest_route=\/wp\/v2\/types\/page"}],"author":[{"embeddable":true,"href":"https:\/\/www.cschkolin.cz\/index.php?rest_route=\/wp\/v2\/users\/1"}],"replies":[{"embeddable":true,"href":"https:\/\/www.cschkolin.cz\/index.php?rest_route=%2Fwp%2Fv2%2Fcomments&post=334"}],"version-history":[{"count":8,"href":"https:\/\/www.cschkolin.cz\/index.php?rest_route=\/wp\/v2\/pages\/334\/revisions"}],"predecessor-version":[{"id":556,"href":"https:\/\/www.cschkolin.cz\/index.php?rest_route=\/wp\/v2\/pages\/334\/revisions\/556"}],"up":[{"embeddable":true,"href":"https:\/\/www.cschkolin.cz\/index.php?rest_route=\/wp\/v2\/pages\/271"}],"wp:attachment":[{"href":"https:\/\/www.cschkolin.cz\/index.php?rest_route=%2Fwp%2Fv2%2Fmedia&parent=334"}],"curies":[{"name":"wp","href":"https:\/\/api.w.org\/{rel}","templated":true}]}}