{"id":777,"date":"2012-08-20T20:13:25","date_gmt":"2012-08-20T18:13:25","guid":{"rendered":"https:\/\/www.cschkolin.cz\/?page_id=777"},"modified":"2012-08-20T20:13:25","modified_gmt":"2012-08-20T18:13:25","slug":"100-vyroci-zalozeni-zo","status":"publish","type":"page","link":"https:\/\/www.cschkolin.cz\/?page_id=777","title":{"rendered":"100 v\u00fdro\u010d\u00ed zalo\u017een\u00ed ZO"},"content":{"rendered":"<p style=\"text-align: center;\">ngg_shortcode_0_placeholder<\/p>\n<p style=\"text-align: right;\"><em>&#8211; foto: Gabriela Pila\u0159ov\u00e1<\/em><\/p>\n","protected":false},"excerpt":{"rendered":"<p>&#8211; foto: Gabriela Pila\u0159ov\u00e1<\/p>\n","protected":false},"author":1,"featured_media":0,"parent":775,"menu_order":0,"comment_status":"closed","ping_status":"closed","template":"","meta":{"ngg_post_thumbnail":0},"_links":{"self":[{"href":"https:\/\/www.cschkolin.cz\/index.php?rest_route=\/wp\/v2\/pages\/777"}],"collection":[{"href":"https:\/\/www.cschkolin.cz\/index.php?rest_route=\/wp\/v2\/pages"}],"about":[{"href":"https:\/\/www.cschkolin.cz\/index.php?rest_route=\/wp\/v2\/types\/page"}],"author":[{"embeddable":true,"href":"https:\/\/www.cschkolin.cz\/index.php?rest_route=\/wp\/v2\/users\/1"}],"replies":[{"embeddable":true,"href":"https:\/\/www.cschkolin.cz\/index.php?rest_route=%2Fwp%2Fv2%2Fcomments&post=777"}],"version-history":[{"count":3,"href":"https:\/\/www.cschkolin.cz\/index.php?rest_route=\/wp\/v2\/pages\/777\/revisions"}],"predecessor-version":[{"id":780,"href":"https:\/\/www.cschkolin.cz\/index.php?rest_route=\/wp\/v2\/pages\/777\/revisions\/780"}],"up":[{"embeddable":true,"href":"https:\/\/www.cschkolin.cz\/index.php?rest_route=\/wp\/v2\/pages\/775"}],"wp:attachment":[{"href":"https:\/\/www.cschkolin.cz\/index.php?rest_route=%2Fwp%2Fv2%2Fmedia&parent=777"}],"curies":[{"name":"wp","href":"https:\/\/api.w.org\/{rel}","templated":true}]}}